et a = 8 - 15. Suppose d = 4*h - 2*d + 33, 5*d = 3*h + 22. Let c = a - h. What is the units digit of c?
2
Suppose 3*i + 3*z = 15, 0 = i - 2*z - 7 - 13. What is the tens digit of i?
1
Let i(m) = -m**2 + 8*m - 2. Let n be i(3). Let v = -3 + n. What is the units digit of v?
0
Let p = -10 + 6. Let q = p + 5. What is the units digit of q?
1
Let c be (22/(-6) - -2)*-3. Let r be 2/c - (-18)/5. Suppose -5*z = 3*u, r*u = -z + 2*u - 7. What is the units digit of z?
3
Let a(x) = x**2 - 5*x. Let y be a(5). Suppose -26*k + 6*k + 20 = 0. What is the tens digit of (k - -1) + y - -9?
1
What is the tens digit of (-2)/1 + 132/4?
3
Let y(m) = -24*m**2 + 6*m - 7. Let b(s) = -49*s**2 + 13*s - 15. Let x(r) = 6*b(r) - 13*y(r). What is the units digit of x(-1)?
9
Suppose -g - 5*j = -2*g - 9, -2*g = -3*j - 3. Suppose 2*o = -0*o + g. Let u(s) = 2*s**2 - 3*s - 2. What is the units digit of u(o)?
7
Let w = -19 + -21. Let z = 69 + w. What is the units digit of z?
9
Let i be (-2)/5 + 36/15. Suppose -i*q = 2*q - 20. What is the units digit of q?
5
What is the units digit of (-2)/2 + (-10 - -101)?
0
Suppose 4*s = 8, -3*q - 2*s + 282 = s. What is the units digit of q?
2
Suppose 0 = -3*r + 251 - 65. What is the tens digit of r?
6
Let k(z) be the first derivative of 5*z**2/2 + z - 4. What is the tens digit of k(2)?
1
Let d(x) = -x + 9. Let q be d(6). Let o(s) = -6*s - 3. Let z(m) = -3*m - 2. Let g(j) = -6*o(j) + 10*z(j). What is the tens digit of g(q)?
1
Let x(o) = 15*o**2 + 4. What is the tens digit of x(-2)?
6
Suppose -4*n - 5*c + 33 + 48 = 0, -6 = 2*c. Suppose p = 5*p + n. What is the units digit of (p + -1)*4/(-4)?
7
Suppose 0 = 2*w + 2*w - 76. What is the tens digit of w*2 - (-4 - -1)?
4
Let i(r) = -r - 2. Let j(f) = -3*f - 8. Let o(v) = 9*i(v) - 2*j(v). Let b(u) = -u**2 + 6*u - 6. Let g be b(6). What is the units digit of o(g)?
6
Let i = -23 + 16. Let n = i + 11. Suppose 3*h + 8*k - 4*k = 29, -n = k. What is the tens digit of h?
1
Let j be (-1)/2 - (-154)/28. Suppose 3*u = -n + 41, j = 3*n + 3*u - 94. What is the tens digit of n?
2
Suppose 8*n = 5*n + 6. What is the units digit of n?
2
Let s = -2 + 3. Let r(w) be the first derivative of 4*w**2 - w - 4. What is the units digit of r(s)?
7
Suppose -r + 3 = 29. Let j = -3 - r. What is the tens digit of j?
2
Suppose -2*g + t = -0*g - 171, -3*g = 4*t - 251. What is the tens digit of g?
8
Let j be 1/(-1) - 14/(-2). Let p be j/(-21) + (-4)/(-14). Suppose -5*f + 25 = p, -f - 4 = s - 2*f. What is the units digit of s?
1
Suppose -5*b + 224 = -46. Suppose 0*s + b = -3*s. What is the units digit of (-3)/((-27)/(-3))*s?
6
Suppose -3*k = 0, 3*y + 4*k - 8 = -2. Suppose 4*g - 5*p + 3 = -4, -y*g - 2 = -2*p. Suppose -38 = -4*i - g*q, -4*i + 4*q + 31 = 11. What is the units digit of i?
8
Let x be ((-2)/4)/(4/8). Let v be x/((1/(-1))/3). Suppose 0 = -w + 5*p + 5, -5*w - p + v*p = -25. What is the units digit of w?
5
Let c(r) = r**3 + 3. Let s be c(0). Suppose p = -2*y + s, 4*y + 0 = 2*p + 2. What is the tens digit of (-1)/(24/(-22) + y)?
1
Let m(u) = 7*u**2 - 4*u + 7. What is the tens digit of m(3)?
5
Let q(g) = g**2 - 11*g + 15. Let l be q(10). Suppose -l*c + 52 = 2. What is the units digit of c?
0
Let m be 14/6 - 4/(-6). Let c(f) = f + 4*f**2 - f**2 - m - f**3 + 2*f**2. What is the units digit of c(5)?
2
Suppose 4*c = -t - 2*t + 71, t + 3 = 0. What is the units digit of c?
0
Let o(n) = n**3 + 4*n**2 + n + 1. Let p be -2 - (-3)/(-3)*1. Let r be o(p). Let b = -3 + r. What is the units digit of b?
4
Let n(s) = s**2 + 13*s + 1. Let v(o) = -3*o**2 - 40*o - 3. Let l(a) = -7*n(a) - 2*v(a). What is the units digit of l(-10)?
9
What is the tens digit of 304/12 + 2/3?
2
Let a(q) = 2*q + 14. What is the units digit of a(0)?
4
Let o(z) be the second derivative of z**5/10 - z**3/3 + z**2/2 + 3*z. What is the tens digit of o(2)?
1
Let d(c) = -c**3 - 6*c**2 + 7*c + 2. Let o be d(-7). Suppose -o*l + 5 = -3. What is the units digit of l?
4
Let w = 9 - 12. Let o = w + 15. What is the tens digit of o?
1
Let k(o) = o**3 + 9*o**2 + 8*o - 5. Let g be k(-8). Let l(d) = -d**3 - 5*d**2 + 2. What is the units digit of l(g)?
2
Suppose -4*k = -2*k - 6. Suppose w = -k*w + 96. What is the units digit of w?
4
Let c = 13 + 5. Suppose -20 = -c*l + 14*l. What is the units digit of l?
5
Let m(p) = -p**3 + 7*p**2 - 6*p. Suppose -k + 2*k = j + 3, 2*j - 9 = 5*k. Let o = -3 - j. What is the tens digit of m(o)?
2
Let h(o) = -o**2 + 12*o - 8. Let w be (10 + -2 - 2)*1. What is the units digit of h(w)?
8
Let s = -2 + 1. What is the units digit of s/3 - (-138)/9?
5
Let f = 9 + -8. Suppose 3*l - 36 = -4*r, r = 3*l + f + 23. What is the units digit of r?
2
Let j = -5 - -10. Suppose -28 - 7 = -j*q. What is the units digit of q?
7
Let p = 13 - 7. Suppose -h - h + p = 0. What is the units digit of h?
3
Suppose 2*i + 0*i = 6. Suppose -i*x - 4*c = -22, -x + c + 2 = -3. What is the units digit of 20 - (-2 + x + -2)?
8
Let a(z) = -z - 4*z**2 + 5*z**2 - 2*z**2. Let p be a(2). Let c = 9 + p. What is the units digit of c?
3
Let h(u) = u**2 + 2*u - 1. Suppose -15 = 4*d - k, 5*d + k + k = -22. What is the units digit of h(d)?
7
Let f(z) be the third derivative of z**7/2520 + z**6/720 - z**5/30 + z**4/12 - z**2. Let o(t) be the second derivative of f(t). What is the units digit of o(3)?
8
Let m(c) = 4*c**3 - 3*c**2 + 6*c - 7. What is the tens digit of m(4)?
2
Let v(q) = 16*q**2 - 8*q - 8. What is the units digit of v(-3)?
0
What is the tens digit of (2 - 26/5)*-10?
3
Let c be ((-1)/(-1))/((-5)/(-15)). Suppose -j = -c*g + 2*j + 63, 5*j + 5 = 0. What is the units digit of g?
0
Let r(n) = 7*n**2 - n + 1. Let k be r(-2). Suppose -3*z + 3*m = -15 - 39, 2*z + 3*m = k. What is the units digit of z?
7
Suppose -2*i - 2*y - 9 = -i, -5*i = -y + 1. Let r = 1 - 3. What is the units digit of (r/6)/(i/3)?
1
Let g = -21 + 188. What is the tens digit of g?
6
Suppose -5*l + 30 = 4*d, 0 = d - 3*d - l + 12. Suppose -d*o + 4*o + 1 = 0. What is the units digit of o?
1
Let o be (8/(-6) - -1)*-3. Let c = o - -5. What is the units digit of c?
6
Let k(r) = 3*r**2 + 10*r + 25. What is the tens digit of k(-10)?
2
Let o be (-15)/(((-1)/1)/(-2)). Let t = -58 - -108. Let k = t + o. What is the units digit of k?
0
Let h be ((-4)/8)/(2/4). What is the tens digit of -10*(h - -1 - 1)?
1
What is the units digit of (-2)/9 + (-15770)/(-171)?
2
Let k(c) = -24*c - 5. What is the units digit of k(-8)?
7
What is the units digit of (54/12)/((-3)/(-4))?
6
What is the units digit of 3 - (-35)/1 - -5?
3
Let g(z) = z**3 + 9*z**2 + 3*z - 3. Let x be g(-4). Suppose -2*i - 3*i = -x. What is the units digit of i?
3
What is the units digit of (9/(-5))/(1/(-15))?
7
Let v(i) = -3*i**3 + i**2. Suppose -4*t + 4 = 4*h, -3*t - 2 = 4*h - 3. Suppose 8*r = t*r - 5. What is the units digit of v(r)?
4
Let y = -19 + 172. What is the units digit of y?
3
Let u = -8 - -13. Let n = u - 5. Suppose 2*l - 28 = -n*l. What is the tens digit of l?
1
Let c = -21 - -36. Suppose 6 = -2*d, 0*n - d = -n + c. Suppose 0 = -u + 5*u - n. What is the units digit of u?
3
Let k(l) = -3*l**3 + 13*l**2 + 5*l - 10. Let a(h) = -h**3 + 6*h**2 + 2*h - 5. Let s(t) = -5*a(t) + 2*k(t). What is the units digit of s(-4)?
5
Let c(u) be the first derivative of -u**3/3 + u**2/2 + 16*u - 9. What is the units digit of c(0)?
6
Let a = 227 + -122. What is the hundreds digit of a?
1
Let i be (-1 + 3)/(2/(-7)). Let t(h) = -h**3 - 8*h**2 - 10*h - 9. What is the tens digit of t(i)?
1
Let u(k) = k**2 - k - 10. What is the tens digit of u(-5)?
2
Let y(b) = -b**2 + 12*b - 10. Let o(l) = l**2 - 2*l - 5. Let w be o(5). What is the tens digit of y(w)?
1
Suppose -71 = -5*h + 24. What is the tens digit of h?
1
Suppose -1 - 1 = -2*c + 3*a, 3*c - 2 = 5*a. Let d be 0/((-4)/8*4). Let v = c - d. What is the units digit of v?
4
Suppose 6*k - 15 = k. What is the units digit of k?
3
Let u = 1 - -2. Suppose -4*c - u = -4*s - 47, -2 = -c - 2*s. What is the units digit of c?
8
Let z(i) = -i**3 - 4*i**2 + 4*i + 3. Let k be z(-5). Let u be -2 - (k*1)/2. What is the units digit of (-2 - 1)/(u/16)?
8
Suppose -3*h = -2*z + 12, -5 = -3*z + 3*h + 10. Suppose 2*p - 7*p = -n - 27, z*p - n - 15 = 0. What is the units digit of p?
6
Let o be ((-4)/10)/(2/10). Let j be -3*(-3)/(5 + o). Suppose -j*c + 5 = -2*c. What is the units di